d by 29.
10
What is the remainder when 5758 is divided by 313?
124
Calculate the remainder when 226152 is divided by 15.
12
What is the remainder when 1459 is divided by 242?
7
Calculate the remainder when 282598 is divided by 90.
88
Calculate the remainder when 52289 is divided by 55.
39
What is the remainder when 5196 is divided by 305?
11
What is the remainder when 25484 is divided by 246?
146
Calculate the remainder when 9995 is divided by 104.
11
Calculate the remainder when 40932 is divided by 288.
36
Calculate the remainder when 90438 is divided by 532.
530
Calculate the remainder when 680 is divided by 267.
146
Calculate the remainder when 11875 is divided by 114.
19
What is the remainder when 173988 is divided by 89?
82
Calculate the remainder when 8279 is divided by 518.
509
Calculate the remainder when 670029 is divided by 36.
33
What is the remainder when 1867 is divided by 19?
5
What is the remainder when 62754 is divided by 4179?
69
What is the remainder when 3940 is divided by 304?
292
What is the remainder when 174126 is divided by 1690?
56
What is the remainder when 2618950 is divided by 204?
202
Calculate the remainder when 1876 is divided by 938.
0
Calculate the remainder when 8344 is divided by 922.
46
Calculate the remainder when 3020687 is divided by 235.
232
What is the remainder when 1288 is divided by 26?
14
Calculate the remainder when 38489 is divided by 2954.
87
Calculate the remainder when 545 is divided by 511.
34
Calculate the remainder when 87456 is divided by 403.
5
Calculate the remainder when 44548 is divided by 270.
268
Calculate the remainder when 21217 is divided by 27.
22
Calculate the remainder when 3472 is divided by 316.
312
What is the remainder when 158 is divided by 77?
4
What is the remainder when 239486 is divided by 79828?
2
What is the remainder when 88660 is divided by 22163?
8
Calculate the remainder when 1536 is divided by 375.
36
Calculate the remainder when 8247365 is divided by 551.
548
Calculate the remainder when 3829353 is divided by 53.
50
Calculate the remainder when 286478 is divided by 5.
3
What is the remainder when 21378 is divided by 3533?
180
What is the remainder when 14280 is divided by 15?
0
What is the remainder when 82234 is divided by 12?
10
Calculate the remainder when 53403 is divided by 20.
3
Calculate the remainder when 9072 is divided by 3444.
2184
What is the remainder when 539 is divided by 45?
44
Calculate the remainder when 5321 is divided by 1046.
91
Calculate the remainder when 59025 is divided by 175.
50
What is the remainder when 2915 is divided by 231?
143
Calculate the remainder when 81309 is divided by 27088.
45
What is the remainder when 6586 is divided by 742?
650
Calculate the remainder when 17446 is divided by 699.
670
Calculate the remainder when 3412 is divided by 492.
460
Calculate the remainder when 11079 is divided by 77.
68
Calculate the remainder when 738997 is divided by 1000.
997
What is the remainder when 227744 is divided by 189?
188
What is the remainder when 13461 is divided by 249?
15
Calculate the remainder when 123249 is divided by 30807.
21
What is the remainder when 48736 is divided by 5?
1
Calculate the remainder when 325 is divided by 306.
19
What is the remainder when 40682 is divided by 543?
500
Calculate the remainder when 194717 is divided by 289.
220
Calculate the remainder when 137271 is divided by 4900.
71
Calculate the remainder when 1926 is divided by 634.
24
Calculate the remainder when 1007 is divided by 45.
17
What is the remainder when 6911 is divided by 982?
37
What is the remainder when 9985 is divided by 256?
1
What is the remainder when 77939 is divided by 38946?
47
Calculate the remainder when 20801 is divided by 681.
371
Calculate the remainder when 21939 is divided by 133.
127
Calculate the remainder when 36081 is divided by 2311.
1416
What is the remainder when 185126 is divided by 41?
11
Calculate the remainder when 3954 is divided by 402.
336
Calculate the remainder when 4263 is divided by 99.
6
Calculate the remainder when 46142 is divided by 38.
10
What is the remainder when 918 is divided by 312?
294
What is the remainder when 63500 is divided by 378?
374
Calculate the remainder when 120035 is divided by 10912.
3
What is the remainder when 18573 is divided by 374?
247
What is the remainder when 89863 is divided by 15?
13
Calculate the remainder when 886701 is divided by 696.
693
Calculate the remainder when 2466 is divided by 1232.
2
Calculate the remainder when 12218 is divided by 12154.
64
What is the remainder when 408702 is divided by 15?
12
What is the remainder when 1854 is divided by 1802?
52
Calculate the remainder when 23196 is divided by 3479.
2322
Calculate the remainder when 12786 is divided by 2516.
206
What is the remainder when 16040 is divided by 896?
808
What is the remainder when 32191 is divided by 63?
61
What is the remainder when 1701 is divided by 210?
21
What is the remainder when 32416 is divided by 193?
185
Calculate the remainder when 2680896 is divided by 50.
46
What is the remainder when 23209 is divided by 625?
84
Calculate the remainder when 1439 is divided by 120.
119
What is the remainder when 90974 is divided by 317?
312
Calculate the remainder when 9383 is divided by 3123.
14
What is the remainder when 428153 is divided by 91?
89
What is the remainder when 121317 is divided by 14?
7
Calculate the remainder when 3875 is divided by 561.
509
Calculate the remainder when 26639 is divided by 8876.
11
What is the remainder when 13190 is divided by 33?
23
What is the remainder when 1746 is divided by 41?
24
Calculate the remainder when 42466 is divided by 5308.
2
Calculate the remainder when 1561 is divided by 1291.
270
What is the remainder when 16078 is divided by 12?
10
What is the remainder when 68807 is divided by 122?
121
Calculate the remainder when 22527 is divided by 7505.
12
Calculate the remainder when 2113 is divided by 423.
421
Calculate the remainder when 802 is divided by 686.
116
Calculate the remainder when 11455 is divided by 145.
0
Calculate the remainder when 74532 is divided by 242.
238
What is the remainder when 160634 is divided by 175?
159
What is the remainder when 23046 is divided by 194?
154
What is the remainder when 30671 is divided by 613?
21
Calculate the remainder when 7561 is divided by 1886.
17
Calculate the remainder when 113214 is divided by 2.
0
What is the remainder when 19713 is divided by 540?
273
Calculate the remainder when 2859 is divided by 1416.
27
What is the remainder when 29509 is divided by 2943?
79
Calculate the remainder when 6771 is divided by 38.
7
Calculate the remainder when 3590998 is divided by 513.
511
Calculate the remainder when 217237 is divided by 29.
27
What is the remainder when 11226 is divided by 2?
0
Calculate the remainder when 624804 is divided by 109.
16
What is the remainder when 3524 is divided by 1154?
62
What is the remainder when 6279 is divided by 6155?
124
Calculate the remainder when 54241 is divided by 419.
190
Calculate the remainder when 5623 is divided by 616.
79
What is the remainder when 358146 is divided by 44767?
10
What is the remainder when 683988 is divided by 25?
13
What is the remainder when 12915 is divided by 12689?
226
Calculate the remainder when 18572 is divided by 156.
8
What is the remainder when 228745 is divided by 53?
50
What is the remainder when 3377 is divided by 682?
649
What is the remainder when 93069 is divided by 5814?
45
What is the remainder when 2695 is divided by 476?
315
Calculate the remainder when 1390 is divided by 109.
82
What is the remainder when 40057 is divided by 1216?
1145
Calculate the remainder when 140310 is divided by 17536.
22
Calculate the remainder when 717 is divided by 361.
356
What is the remainder when 3107756 is divided by 53?
48
What is the remainder when 16836 is divided by 4207?
8
Calculate the remainder when 106526 is divided by 65.
56
What is the remainder when 121001 is divided by 1090?
11
Calculate the remainder when 86417 is divided by 149.
146
What is the remainder when 37896 is divided by 412?
404
What is the remainder when 15876 is divided by 110?
36
Calculate the remainder when 393248 is divided by 206.
200
What is the remainder wh